 (base 10) to base 16.
-253
Convert -747 (base 15) to base 3.
-2020211
What is -13004 (base 7) in base 8?
-6552
Convert -9728 (base 16) to base 7.
-220550
Convert 101110110001 (base 2) to base 6.
21505
What is -318 (base 11) in base 4?
-11332
What is 342134 (base 6) in base 15?
88d7
What is -65568 (base 9) in base 6?
-533142
57d9 (base 15) to base 3
221120220
-51060 (base 7) to base 14
-4730
What is 69b (base 12) in base 10?
983
Convert 3423 (base 5) to base 3.
200002
What is 44501 (base 6) in base 14?
23ad
What is -110132 (base 4) in base 13?
-79a
What is -8c1 (base 15) in base 3?
-2201101
What is 12455 (base 9) in base 10?
8393
Convert -5be (base 16) to base 5.
-21340
What is 69d (base 16) in base 4?
122131
What is 101110110001010 (base 2) in base 5?
1231241
Convert -b42b (base 14) to base 6.
-355315
Convert 3d (base 14) to base 6.
131
Convert -22a (base 11) to base 14.
-158
What is 10555 (base 6) in base 9?
2058
What is -17332 (base 8) in base 3?
-101211112
What is -509 (base 12) in base 6?
-3213
d5c (base 15) to base 7
11532
3121 (base 9) to base 15
a27
471 (base 13) to base 10
768
Convert 501 (base 16) to base 7.
3510
-11061 (base 8) to base 11
-3554
Convert -33971 (base 10) to base 6.
-421135
What is -53 (base 15) in base 7?
-141
11404 (base 5) to base 13
509
What is 102222 (base 3) in base 2?
101000011
Convert b3e (base 16) to base 13.
1405
Convert -1327 (base 10) to base 2.
-10100101111
215 (base 7) to base 12
92
Convert 15b (base 12) to base 13.
137
Convert 3c0 (base 16) to base 14.
4c8
522 (base 6) to base 7
365
What is -32244 (base 6) in base 5?
-120140
What is -3422 (base 12) in base 3?
-21221022
-1c15 (base 15) to base 4
-1133033
Convert 1905 (base 13) to base 11.
2885
-c78b (base 14) to base 2
-1000011001110111
What is -39ca (base 13) in base 8?
-20126
-171521 (base 8) to base 9
-104400
969a (base 11) to base 7
52234
Convert -341 (base 6) to base 8.
-205
Convert 24141 (base 5) to base 9.
2415
What is 2a69 (base 13) in base 15?
1c66
What is -bd (base 16) in base 14?
-d7
Convert 2660 (base 11) to base 12.
1bba
What is c29 (base 16) in base 3?
11021022
Convert -11256 (base 8) to base 14.
-1a58
What is 99 (base 10) in base 7?
201
What is -1559 (base 12) in base 6?
-15353
23 (base 13) to base 8
35
-24466 (base 7) to base 2
-1100100010010
Convert 1412 (base 5) to base 12.
174
-4352 (base 6) to base 7
-2633
-34900 (base 10) to base 13
-12b68
What is -929 (base 10) in base 13?
-566
2352 (base 13) to base 15
1713
-232031 (base 4) to base 7
-11423
5155 (base 11) to base 4
1222310
What is 25779 (base 10) in base 7?
135105
What is 11002 (base 4) in base 13?
1ba
What is -614 (base 10) in base 3?
-211202
What is -12c0 (base 14) in base 6?
-23144
What is 1557 (base 8) in base 4?
31233
-310 (base 13) to base 9
-637
What is 2000 (base 4) in base 8?
200
4177 (base 11) to base 15
1989
Convert 11b1 (base 15) to base 16.
eb6
6c76 (base 13) to base 4
3233023
1101010111 (base 2) to base 11
708
-1073 (base 10) to base 16
-431
What is -167 (base 16) in base 6?
-1355
Convert 534545 (base 6) to base 14.
11d97
-8888 (base 13) to base 9
-28105
Convert -22511 (base 10) to base 5.
-1210021
What is -3204 (base 6) in base 13?
-439
What is -100110001111111 (base 2) in base 14?
-71cb
Convert -23a (base 14) to base 6.
-2020
Convert -80612 (base 9) to base 10.
-52985
-1110010100000 (base 2) to base 7
-30236
What is -42124 (base 8) in base 12?
-a158
121121 (base 3) to base 7
1210
Convert 3001113 (base 4) to base 7.
51036
a42 (base 15) to base 5
33222
1331 (base 4) to base 10
125
What is 10223 (base 5) in base 10?
688
Convert -2611 (base 12) to base 15.
-143d
-12221211 (base 4) to base 15
-810c
Convert -2550 (base 8) to base 14.
-70c
What is -293a (base 13) in base 16?
-174c
Convert 101011 (base 3) to base 11.
22a
-167 (base 16) to base 15
-18e
-c668 (base 13) to base 10
-27464
Convert -558a (base 12) to base 7.
-36412
-2a4 (base 12) to base 4
-12130
-1020211112 (base 3) to base 8
-60131
Convert 11030 (base 5) to base 6.
3313
a57 (base 11) to base 7
3465
222 (base 12) to base 11
266
-130233 (base 4) to base 5
-24324
Convert 5449 (base 13) to base 2.
10110111001010
-4232 (base 5) to base 8
-1067
What is -1100001101 (base 2) in base 13?
-481
58c (base 15) to base 8
2351
Convert 3412 (base 7) to base 12.
86a
Convert 4262 (base 10) to base 4.
1002212
What is 3 (base 11) in base 5?
3
2 (base 10) to base 7
2
What is 13311 (base 4) in base 5?
4001
What is 13d (base 16) in base 2?
100111101
-4320 (base 5) to base 4
-21021
What is -4a9 (base 11) in base 5?
-4403
What is 30d3 (base 16) in base 8?
30323
Convert -138 (base 10) to base 5.
-1023
Convert -2111002 (base 3) to base 14.
-935
What is 86d (base 14) in base 11?
1284
What is 7a1 (base 12) in base 3?
1112211
What is -3733 (base 8) in base 16?
-7db
-5256 (base 7) to base 15
-839
Convert -21 (base 3) to base 9.
-7
What is -41342 (base 5) in base 4?
-222202
Convert 14033 (base 6) to base 16.
885
Convert 20341 (base 9) to base 2.
11010001011010
What is -30753 (base 9) in base 2?
-100111101001010
42205 (base 8) to base 15
52e6
-4344 (base 6) to base 16
-3e8
What is -12f (base 16) in base 7?
-612
-31d (base 16) to base 6
-3405
Convert 9d2a (base 16) to base 3.
2001012011
-218 (base 9) to base 15
-be
11423 (base 6) to base 5
23141
57a (base 14) to base 13
659
What is -131412 (base 6) in base 9?
-17448
Convert 11000111 (base 2) to base 3.
21101
What is -474 (base 9) in base 4?
-12013
Convert 4432 (base 7) to base 10.
1591
What is -df (base 16) in base 15?
-ed
What is 54122 (base 6) in base 7?
30362
1121000 (base 3) to base 6
5213
Convert -211010121 (base 3) to base 6.
-202411
Convert 1961 (base 10) to base 5.
30321
ab7 (base 13) to base 15
82a
10442 (base 7) to base 4
221003
Convert 1333 (base 9) to base 11.
831
Convert -1000101110 (base 2) to base 6.
-2330
Convert -1320 (base 9) to base 15.
-460
What is 421022 (base 5) in base 6?
144143
41 (base 14) to base 5
212
What is 14143 (base 6) in base 5?
32343
-6526 (base 16) to base 3
-1022112001
-23130 (base 4) to base 2
-1011011100
-2502 (base 9) to base 4
-131021
What is -1235 (base 8) in base 7?
-1644
-1101001001011 (base 2) to base 8
-15113
183 (base 10) to base 3
20210
Convert -15a (base 15) to base 8.
-466
1806 (base 11) to base 5
33210
What is -d1b3 (base 16) in base 15?
-10d8d
Convert 2765 (base 11) to base 15.
10da
Convert -142 (base 6) to base 8.
-76
What is 24578 (base 9) in base 6?
204242
What is ee (base 16) in base 5?
1423
Convert 100100100 (base 2) to base 12.
204
What is 4653 (base 7) in base 6?
11520
-4002 (base 5) to base 7
-1315
-3199 (base 11) to base 5
-113342
-30111 (base 5) to base 2
-11101110010
Convert 2c0 (base 16) to base 15.
31e
-103434 (base 6) to base 13
-3baa
Convert 1a9 (base 13) to base 2.
100110100
-3d4 (base 15) to base 4
-31222
5714 (base 10) to base 15
1a5e
-80e5 (base 15) to base 16
-6a4f
Convert -33750 (base 8) to base 10.
-14312
ad08 (base 16) to base 6
541024
-10839 (base 11) to base 10
-15651
Convert 27127 (base 8) to base 10.
11863
What is -665 (base 8) in base 12?
-305
1121221120 (base 3) to base 9
47846
What is 27001 (base 8) in base 12?
6995
-12980 (base 12) to base 15
-78a9
What is -c63 (base 15) in base 10?
-2793
Convert 12022 (base 4) to base 13.
244
-3106 (base 11) to base 10
-4120
Convert -1617 (base 13) to base 3.
-11102200
Convert 111161 (base 9) to base 3.
10101012001
What is 24023 (base 6) in base 8?
6617
14320 (base 6) to base 7
6435
Convert -1101100110 (base 2) to base 10.
-870
Convert -b96 (base 16) to base 3.
-11001212
606b (base 14) to base 7
66164
What is 5555 (base 9) in base 16?
1004
-102122 (base 5) to base 4
-311110
-1251 (base 15) to base 10
-3901
547 (base 11) to base 10
656
7bf (base 16) to base 12
1193
Convert -a41 (base 16) to base 3.
-10121020
-31121020 (base 4) to base 2
-1101011001001000
215166 (base 7) to base 5
2202302
Convert -10100020 (base 3) to base 5.
-34221
Convert -24304 (base 7) to base 15.
-1d1a
11630 (base 9) to base 13
3723
-132220 (base 4) to base 8
-3650
What is -10122001 (base 3) in base 15?
-bb7
What is -2032313 (base 4) in base 6?
-110155
What is 101201010 (base 3) in base 5?
222211
What is -9ce5 (base 15) in base 16?
-820a
What is -175616 (base 8) in base 6?
-1214050
What is 1388 (base 12) i